t is 106 + -121 - (6 + -1 + -5)?
-15
0 - -35 - -98 - (-5 + 37)
101
Evaluate -10 - ((19 - -6) + (0 + -6 - (29 + -36))).
-36
What is (-48 - -68 - 27) + -37?
-44
What is 4 + 1 + -21 + (199 - 194) + 53?
42
(174 - 174 - (1 - 18)) + 8 + -84
-59
(-1 - 17 - (-13 + 4 + -18)) + -76
-67
What is the value of 1 + (-8 - 12) + 77 + -22?
36
Calculate 12 + -3 + (-12 - 3 - -7 - -8) + -36.
-27
Evaluate (70 - 65) + 7 + -66.
-54
Evaluate -10 + (-29 - -9) - -3 - -7.
-20
Calculate -14 + 2 + 16 + 31.
35
Evaluate 2 + -25 + 11 + 3 + -15 + 13.
-11
What is the value of -70 + 10 + (-79 - -171)?
32
Calculate (32 + 0 - (125 + -88)) + 2 + -2 + 116.
111
Evaluate 9 + -7 + (19 - 24 - -18).
15
Evaluate 42 + -40 + -13 - (-23 + -4 + -5 + 7).
14
Evaluate (-21 - (28 + -15 - 9)) + -3 + 14 + -2.
-16
What is 24 + 30 - (-96 + 117)?
33
(19 - (40 - 14)) + (-2 - (-35 + -3))
29
What is -11 - (-1 - (-1 + (57 - 9) + 12))?
49
-47 - ((81 - -14) + -16)
-126
Calculate (-36 - -63) + (-38 - 8).
-19
-4 + (9 - -2) + (10 - 24) + (21 - -3)
17
Calculate -11 - 11 - (-12 + -1) - (44 - 63).
10
What is -15 - ((-13 - (-30 + -33)) + 36)?
-101
16 + -23 - (-152 - -174)
-29
What is 68 + 0 - (-80 + -120 - -197)?
71
What is the value of -3 - (5 + 3 + -12 + 39) - 9?
-47
What is (-48 - 116) + 69 + 82?
-13
What is (35 + -4 - 7 - (10 - -1)) + -47?
-34
What is 4 - -6 - (360 - 319)?
-31
What is -75 + 90 + -65 + 17?
-33
Evaluate -6 + (14 - (-7 + 5)) - (31 - (13 + 13)).
5
What is the value of (0 + 1 - 44) + -132 + 1 + 115?
-59
Calculate 15 + -1 + (63 + -23 - 13) + 5.
46
Calculate 92 - ((-62 - -16) + -10 - -31).
117
What is the value of -72 - ((31 - 13 - 18) + -24)?
-48
-2 - (1 - (4 + -5)) - 4 - -6 - -21
19
Calculate -4 + -5 + -15 + (-7 - (4 - 75)).
40
What is the value of -2 + 5 + (307 - 302) - ((19 - 4) + -2)?
-5
What is -122 + 230 + -117 + 65 + -1?
55
(-20 + -40 - -105) + 38
83
What is 14 + 11 + -45 - (13 + 5)?
-38
What is the value of ((3 - 0) + 4 - (54 + -49)) + -5?
-3
(65 - 56 - (-9 - -2)) + -6 - 88
-78
Evaluate 22 + (-12 - (-30 + 34 + -14 + 1) - 1).
18
Evaluate -8 + (18 - (1 + 19)) - (7 + 0).
-17
(-9 - -14) + (59 - (-6 + 14)) + (-1 - -5)
60
What is 8 - (-7 + -10 + 15) - (2 - (-2 + -4))?
2
Calculate -1 + (-40 + 120 - 29 - (9 + 0)).
41
(-28 - (8 - 22)) + (84 - (-2 + 1 + 9))
62
What is the value of -51 + -106 + 204 - (14 + 0)?
33
-18 + 57 + 70 - 45
64
What is -43 + 1 + (30 - -76 - 102)?
-38
What is 159 + (18 - 33) + -40?
104
Evaluate (-19 - -3) + (-21 - (-111 + (-6 - -11))).
69
What is the value of -71 + -20 - -93 - (1 + -2 - 22)?
25
Evaluate 5 + -22 + 27 + (-3 - (-4 + -5)) + 30.
46
What is (20 + 0 - (-1001 - -1026)) + (0 - 33)?
-38
What is 14 + (19 - 45) + 30 - 76?
-58
Evaluate -3 + 5 + 1 + (-45 + 4 - -31).
-7
Evaluate (8 - (65 + -4)) + 15.
-38
-41 + -12 + (7 - 0 - (-216 + 198) - 2)
-30
Evaluate (10 - -8 - -38 - -11) + -21.
46
50 + (-56 - -23) + -2 + -5
10
Evaluate (-8 - -48 - 42) + -2 + 4 + -24.
-24
What is the value of 11 + -3 - -52 - (119 - 94)?
35
What is the value of 40 - (34 - (68 - 29) - -162)?
-117
10 - (-32 + 88 + -25)
-21
What is the value of (-169 + 162 + (136 - -1) - 9) + -20?
101
What is the value of 3 - -2 - (71 - (-2 + 87) - (119 - 2))?
136
(6 + -12 - -10) + -90 + (-19 + 18 - 3)
-90
What is 24 + (19 - (26 - 19)) + -9?
27
Calculate 32 + -6 + (-16 - (-20 - (-24 + 13))).
19
What is the value of 3340 - 3306 - (22 - 1)?
13
What is the value of -51 + 51 + -46 + (2 - 0) + 5?
-39
46 - (-5 + 2) - ((3 - 3) + -15)
64
Calculate 24 + 11 + -11 + -68 + 125.
81
What is (-150 - 13) + -961 + 1253?
129
What is (-12 - -16 - (1 - -5)) + (0 - -85)?
83
Evaluate -19 + (-15 - (31 - 29) - 32).
-68
Evaluate -10 + 0 + (-29 - 19) + 11 - 8.
-55
What is the value of -118 + 0 - (-20 + 37 + -48 + (-19 - -50))?
-118
What is -10 + 7 + 0 - (19 + -11 + -8 + 0)?
-3
20 + -2 + (-191 - -183) + (3 - 3) + -13
-3
Calculate -23 - ((-59 - -153) + -5 + -7).
-105
54 + (-2 - -1) - (38 - (31 - -19) - -20)
45
Evaluate -6 - (9 + 4 + 17 - (-3 + -6)).
-45
-692 + 656 - (112 + 3) - -34
-117
What is -69 + 23 + 86 + -52?
-12
What is the value of -46 + 19 + (-28 - (-5 - 8) - -2)?
-40
Evaluate -44 - (6 + (11 - 26) - 12) - 13.
-36
1 + 8 + (58 - (15 + 57)) + -64
-69
Evaluate -10 - -13 - (31 - (72 - 46)).
-2
Calculate -20 - (43 - (-24 - (-8 + 2 + -4))).
-77
-60 + -22 - -113 - (1 - 35)
65
What is -148 + 50 + 356 + -280?
-22
What is (9 - (-34 - -53 - (71 + -5))) + 8?
64
Evaluate 6 + -131 + (1358 - 1308).
-75
Calculate 4 - (53 + -32 - -1 - (-1 + 10)).
-9
What is the value of -62 - (5 + -7 - 11) - -26?
-23
Evaluate (-16 + 10 + 0 - -8 - -9) + 93 + -2.
102
Evaluate -7 - (-76 + 47) - (-5 - 0).
27
Evaluate (-9 + 2 - 8) + -10 - (-3 - -15).
-37
95 + 1 - -1 - (-36072 + 36110)
59
Evaluate 9 + 18 + (-3 - (-9 - -6 - -7)).
20
(-80 - -150) + -60 + (-1 - -15)
24
What is 1 + -51 - (-91 - -244 - 154)?
-49
What is (-1 - (29 - 16)) + -17 - (2 + 3)?
-36
What is the value of -82 + 2 - ((-235 - -328) + -113)?
-60
Evaluate -52 - ((-199 - -98) + 3).
46
Calculate 56 + (-34 - -15 - -24) + 9.
70
Calculate (17 - 29 - (-67 - 25)) + 8.
88
What is the value of (-1 - (-3 + 15) - (5 + -66)) + -2 + 1?
47
Evaluate 0 - (62 + -23 + -35).
-4
4 - (-11 + (-4 - 2 - (9 + -11)))
19
-17 + (-57 - -74) - (7 - (1 + -2) - -1)
-9
Evaluate (-45 - -24) + 23 - 24 - (-8 + -2).
-12
Calculate 2 - (-7 + -7) - (-13 - (-65 + -25)).
-61
Calculate (-12 + 6 - 31) + (3 - 0) + -1.
-35
What is the value of (-59 - -137) + -58 + -70?
-50
24 + (-52 - 22) - 20
-70
7 + 27 - ((-5 - 0) + 157)
-118
Calculate -1 + (9 - -15 - 7) - (-11 + 95).
-68
Evaluate (-3 + -1 + (-5 - (-14 + 2)) - -9) + 58.
70
Calculate 7 + (24 - 88 - -13).
-44
What is the value of 8 + -24 + -10 + (91 - 70)?
-5
What is 234 + -203 - (25 + -18 - -18)?
6
What is the value of -57 + -7 - (3 - (2 + 4))?
-61
82 + -64 - 47 - -92
63
What is 3 - (-16 + (-3 - (-16 + -1)) - -18)?
-13
Calculate -7 + 14 + (14 - 11 - 7) + 47.
50
Evaluate -4 + 11 + (-2 - ((-11 - -12) + 10)).
-6
3 + -5 + -2 + 4 - (14 - 25)
11
23 - ((9 - 0 - 36) + 21)
29
What is the value of (-581 - -571) + (-1 - (-3 - 11))?
3
What is the value of -22 + (72 - 38) - ((2 - (86 - -1)) + -3)?
100
Calculate (30 + -85 - -30) + 20 + -68 + (-5 - -7).
-71
Calculate -31 + (67 - 25 - 35).
-24
Evaluate (-34 - 2) + -675 + 733.
22
What is -23 + (-23 + 7 + 103 - 3)?
61
Calculate (53 - 168) + 14 - -69.
-32
What is the value of (4 + -4 - (0 + -4)) + -14 + (-1 - -62)?
51
What is the value of -5 + (10 - 1 - (71 - 65)) + -3 + -71?
-76
Calculate -5 + (29 - (31 - -25)) + 48.
16
Evaluate 16 + (30 + -15 - (38 + 12 + 12)).
-31
(0 + (-19 - -5) - 43) + 2
-55
Evaluate -111 + 57 + (-111 - -108).
-57
Calculate (23 - (9 - -44)) + 2.
-28
What is the value of -39 - 34 - 7 - -35?
-45
Evaluate (-33 - -27) + -27 - -10.
-23
What is 100 + (-100 - -47) - 87?
-40
What is the value of (-7 + 0 - -1) + 6 + 15 + 27?
42
What is the value of -95 + (15 + 27 - 54)?
-107
Calculate -62 - (-18 - (25 + 0)).
-19
What is the value of -40 - -13 - (-138 - -195)?
-84
-76 + (99 - 19) + 57
61
What is 46 + -43 + 9 - (6 - (40 + -6))?
40
What is the value of -67 + 37 - -35 - (9 - -85 - 4)?
-85
-5204 + 5230 + (-3 + -89 - 3)
-69
37 + 37 + -26 + -26
22
Evaluate -18 - -38 - 31 - (24 - 2).
-33
7 + (0 - (-34 + 13) - 12 - (6 - -81))
-71
What is the value of -59 + (70 - -17 - 131)?
-103
Calculate 1 + -5 - 2 - -5 - (65 + -16 + -24).
-26
What is (46 - 0) + (118 - (-62 - -271))?
-45
Evaluate -14 + 21 + -10 + -21.
-24
Calculate -17 + 2 + (-96 - -84) + (1 - -15) + -69.
-80
What is the value of 7757 + -7671 + 29 + -2?
113
Evaluate -69 + 71 - 65 - -77.
14
Evaluate (-33 - (28 + -8)) + 99.
46
Evaluate (1 + 10 - -60 - (-2 - (-12 - 3))) + -5.
53
Evaluate -41 + (22 - (-4 - -16)) - -2 - -10.
-19
73 + 5 + 4 + (4 - 9) + (991 - 978)
90
What is the value of (-107 + 57 - -84) + 35?
69
-5 + (-5 - (-12 + 33) - -12)
-19
28 + -40 + 24 + -6 + 2
8
What is -8 + (1 - -25) - (33 - 19)?
4
-19 - (1 + 33 + 100 + -45 + -73)
-35
What is 2 - -14 - (35 + -16 + -7)?
4
(67 - -3) + -78 + -88 + 137
41
What is the value of -186 + 83 + 170 + -6?
61
22 + (-41 - -2) + 35
18
Calculate -2 - ((-8 - -1) + (29 - 12)).
-12
3 + (4 - -2) + -13 + 31 - (-1101 - -1087)
41
Evaluate (-17 - 28 - -36) + (38 - (-5 - -12)).
22
Evaluate 7 + (-57 + 39 - -28) + (19 - 5).
31
Calculate -17 + 0 + -23 - -1.
-39
Calculate (66 - 25) + -3 + 88.
126
Wh